units digit of d?
9
Suppose -6*i = -0*i. Suppose i = -q + 96 + 4. What is the units digit of q?
0
Let i(j) = j**2 + j + 25. Let d(b) = -3*b + 12*b - 3*b**2 + 2*b**2 - 14 + 6. Let g be d(8). What is the units digit of i(g)?
5
Let x(j) = 538*j + 38. What is the hundreds digit of x(2)?
1
Suppose -21 = -d - 5*g, 0*g + 111 = 3*d + 3*g. Let r = d - 15. What is the units digit of (-1)/(2 + r/(-12))?
6
Let q(z) = 3*z**2 - 4*z + 3. Let b be q(5). Let a = 15 + -45. Let l = a + b. What is the units digit of l?
8
Let t be (-14)/(-8) + (-13)/(-52). Suppose 0 = t*o - 0*o - 128. What is the tens digit of o?
6
Let f(j) = -2*j**3 + j**2 - 1. Let t be f(-3). Let r = 140 + -140. Suppose -2*d + r*d - 4*y = -t, 5*d - 103 = 3*y. What is the tens digit of d?
2
Suppose -6*d = -5*d - 3*j - 3564, 0 = 4*d + 2*j - 14242. What is the tens digit of d?
6
Let o(l) = -l**2 + 8*l + 5. Let d be o(5). Let r = -87 - -122. Let t = r - d. What is the units digit of t?
5
Let r = 812 - 485. What is the tens digit of r?
2
Suppose -101 = 2*y - 5*s, 3*y + 6*s - s + 139 = 0. What is the tens digit of y/(-40)*150/9?
2
Suppose 3*f + 5*p - 8 = 0, 3*p - 9 = 3*f + 15. What is the tens digit of 0 + -3 + 71 + f?
6
Suppose -5*o - 3*u = -100, 3*o + u - 6*u = 94. Let t = -10 + o. Let v = 1 + t. What is the units digit of v?
4
Let l = 512 - 192. What is the units digit of l?
0
Suppose 2*z - 26 = 3*m, 5*z - 5 = 2*z - 4*m. Suppose -12*o = -9*o + 15. Let g = z - o. What is the tens digit of g?
1
Suppose n - 4*m - 607 = 0, -5*m = 4*n - 6*n + 1199. What is the units digit of n?
7
What is the hundreds digit of ((-29588)/65)/(8/(-60))?
4
What is the hundreds digit of (-2959)/(-7) + (-14)/(-49)?
4
Suppose 5*z + 20 = 3*z. Let b = 314 - 334. Let x = z - b. What is the tens digit of x?
1
Suppose 4*z + 4*k = -12 + 44, -z + 5 = 2*k. Suppose 10*s = z*s - 132. What is the hundreds digit of s?
1
Suppose 3*k = w - 15, 5*w - 2*k = -k + 5. Suppose -45 = -23*m + 47. Suppose 5*x = -3*o + 21, -x - 2*x - m*o + 17 = w. What is the units digit of x?
3
Suppose 5*d + 5 = 0, 2*d = m - 922 + 317. What is the hundreds digit of m?
6
Let b(i) be the third derivative of -1/6*i**3 + 11/24*i**4 + 0*i + 0 - i**2. What is the units digit of b(1)?
0
Suppose 1609 = 5*h - 756. Suppose -5*t - 3*q + h = -q, -4*t + 392 = 5*q. What is the tens digit of t?
9
Suppose 2*z - 4811 = -5*q, 31*q - 1918 = 29*q - 4*z. What is the tens digit of q?
6
Suppose 330 = 13*v - 8*v. What is the tens digit of ((-102)/(-4))/(v/88)?
3
Let d = 69 + -63. Suppose d*i = 10*i - 576. What is the units digit of i?
4
Let j = 2 - -13. Let h = j - 10. Suppose 4*y = 2*m + 178, y = -h*m + 4*m + 40. What is the units digit of y?
3
Let c be (2/(-5))/(2/10). Suppose r + 2*z = -7, -2*r + 0*z + 2 = -4*z. Let l = c - r. What is the units digit of l?
1
Let g = 10 + -37. Let y be 36/(-3*(-1)/4). Let s = g + y. What is the units digit of s?
1
Let h be (2/(-4))/(9/108). What is the tens digit of (-9)/18 - 327/h?
5
Suppose 0 = u + t - 205, 2*u - 5*t = 51 + 366. What is the units digit of u?
6
Suppose -80*u - 12375 = -89*u. What is the thousands digit of u?
1
Let m = -243 - -430. What is the hundreds digit of m?
1
Let q be (-6)/9*(-1 - 2). Suppose 5*x = 5*a - 560, 7*a + q*x - 581 = 2*a. What is the units digit of a?
5
Let m(i) = 2*i**2 - 54*i + 37. What is the thousands digit of m(-22)?
2
Suppose -l = -3*j - 23, 3*j - 5*l - 11 = 6*j. Let n = j + 1. What is the tens digit of ((-93)/(-15))/(n/(-30))?
3
Let f(k) be the third derivative of -k**5/60 + 5*k**4/6 - k**3/2 + 24*k**2. What is the tens digit of f(12)?
9
Let i(a) = a**2 - 14*a + 24. Let w be i(12). Suppose w = -10*r + 5*r + 740. What is the hundreds digit of r?
1
Let x = -4442 - -9249. What is the thousands digit of x?
4
Let x be -1 + 1/2*2. Let o(s) = -8 - 4*s + 4*s - 5*s + x*s. What is the tens digit of o(-6)?
2
Let s(q) = 156*q - 23. What is the hundreds digit of s(4)?
6
Suppose 5*m - 81 = -n - 0*n, 2*n = -5*m + 142. Suppose o - w - 2*w = 41, -w + n = o. What is the units digit of o?
6
Let s = 168 + 31. What is the hundreds digit of s?
1
Let y(d) = -10*d**2 - 13*d - 2. Let v be y(-6). Let j = -173 - v. What is the units digit of j?
1
Suppose 7249 = 5*a - 2*u, -a = -2*a + 4*u + 1457. Suppose 5*x - a = 3*i, x - 5*i = 2*x - 273. What is the tens digit of x?
8
What is the tens digit of (-1 + 45)/(((-40)/310)/(-2))?
8
Let x(q) be the first derivative of 4*q**3/3 + q**2 + 9*q - 4. Let w(i) = i**2 + i + 3. Let f(l) = -7*w(l) + 2*x(l). What is the units digit of f(-5)?
7
Let p(o) = -o**2 - o. Let n(d) = 78*d**2 + 52*d. Let a(l) = n(l) + 52*p(l). What is the tens digit of a(2)?
0
Let w = 6900 - 3911. What is the units digit of w?
9
Suppose 0 = 13*a - 8*a + 180. Let u = a - -140. What is the tens digit of u?
0
Suppose 98*q - 54145 = 49*q. What is the thousands digit of q?
1
Suppose g - 3*c = -8*c + 1655, -g + 1656 = 4*c. What is the tens digit of g?
6
Let o(b) = 125*b - 328. What is the units digit of o(17)?
7
Suppose -26 + 23 = -b. Suppose b*x + 95 = 4*x. What is the tens digit of x?
9
Let v = 31 + -30. Let j be v*(-2 + 3)*2. What is the units digit of (-15 - 1)/(-1*j)?
8
Let q(s) = -s**3 - 2*s**2 - s + 2. Let c be q(2). Suppose -4*l = 35 - 91. Let b = l - c. What is the units digit of b?
0
What is the tens digit of 8/(-20) - (-6734)/35?
9
Let a(t) be the second derivative of -7*t**3/6 - 8*t**2 - 11*t. What is the tens digit of a(-9)?
4
Let t(g) = g**2 - g - 2. Let a be t(3). Suppose 33 = n + 5*v - v, -a*n = v - 87. What is the tens digit of n?
2
Let q = -23 + 26. Let z(t) = 5*t**2 - t - 3. What is the tens digit of z(q)?
3
Let d = 22 + -188. Let s = d - -233. What is the tens digit of s?
6
Let m = 1575 + -1078. What is the tens digit of m?
9
Let w = -27 - -56. Let p = w + -19. What is the tens digit of p?
1
Suppose 20 = -i + 6*i. Suppose 5*q = -n + 425, 74 = 2*q - i*n - 118. What is the units digit of q?
6
Let y be (-8)/(-36) - 16/(-9). Suppose y*w - 24 = -4*n, 20 = -3*n + 5*n + 5*w. What is the units digit of n?
5
Suppose d - 4*v = 207, v + 231 = d + 3*v. What is the hundreds digit of d?
2
Let v(r) = -r - 1. Let n(k) = -9*k - 3. Let s(b) = n(b) + 2*v(b). What is the hundreds digit of s(-11)?
1
Let l = 101 - 96. Suppose 1632 - 272 = l*d - 5*k, 1091 = 4*d - 3*k. What is the tens digit of d?
7
Suppose -3*q = 3*n + 6, 4*q = -n - 0*n + 7. Suppose o - 2*o + 2*c + 15 = 0, 15 = -3*c. Suppose 0 = -q*h + o*h - 8. What is the units digit of h?
4
Suppose -4*a - 44 = -4*q - q, q = 4. Suppose -28*j + 7 = -35*j. What is the tens digit of (-126)/(-15)*(j - a)?
4
Suppose -k + 0*k + 360 = 3*o, 0 = -4*k + o + 1401. Suppose -5*w = -2*w - k. What is the tens digit of w?
1
Let c be (-3*16/(-12))/4. Let l(d) = 61*d. What is the units digit of l(c)?
1
Suppose 3*i - 2*t = -i + 502, -3*i - 3*t = -399. Let m be (-1)/2*-4*3. Suppose -i = -m*r + 124. What is the units digit of r?
2
Let l = 22 - 14. Let d be l/5*10/2. Let f(u) = u**2 - 7*u + 6. What is the tens digit of f(d)?
1
Let h(z) = z**3 + 7*z**2 + 5. Let k be h(-7). Suppose 2*x + a + k = 18, -4*x = 5*a - 23. What is the units digit of x?
7
Let m(h) = h**2 - 71 - 3*h - 3*h + 69. Let o be m(7). Suppose 0*s - o*s + 290 = 0. What is the units digit of s?
8
What is the units digit of -13 + 18 + (1 - -91)?
7
Let l(g) = 31*g**2 + 9*g + 304. What is the tens digit of l(-13)?
2
Let u be ((-7)/2)/((-1)/(-12)). Let g = -15 - u. What is the tens digit of g?
2
Let a(w) = -2*w + 88. Let k be a(0). Let z = k - 5. What is the units digit of z?
3
Let c be 6/12*3*2. Suppose -5*r = -5*f - 220, 4 = 2*f - c*f. What is the units digit of 1776/r + 2/(-5)?
4
Let m(i) = -i**3 + 33*i**2 - 17*i + 46. What is the hundreds digit of m(32)?
5
Let g(n) = n**3 + 8*n**2 - 9*n + 9. Let u be g(-9). Suppose -u + 14 = w. Suppose w*z = -0*z + 15. What is the units digit of z?
3
Suppose 30 = q + 15. Suppose 3*p - 435 = -2*p + c, 3*c = q. What is the units digit of p?
8
Let b(i) = -6*i - 68. Let g(u) = -17*u - 6. Let d be g(1). What is the units digit of b(d)?
0
Let o(s) = -12*s - 2. Let p = -19 + 17. What is the units digit of o(p)?
2
Suppose -3*n = 44*h - 42*h - 3490, -5*h + n = -8725. What is the thousands digit of h?
1
Suppose 6*v + 2*n - 3138 = 4*v, 0 = 4*v - 2*n - 6288. What is the hundreds digit of v?
5
Let t = 25 + -25. Suppose -8 + t